{"id":24,"date":"2023-03-31T14:34:06","date_gmt":"2023-03-31T14:34:06","guid":{"rendered":"https:\/\/site.aeag.pt\/portal\/forgot-password\/"},"modified":"2023-03-31T14:34:06","modified_gmt":"2023-03-31T14:34:06","slug":"forgot-password","status":"publish","type":"page","link":"https:\/\/aeag.pt\/portal\/forgot-password\/","title":{"rendered":"Forgot Password"},"content":{"rendered":"<div class=\"event-wrapper-shortcode forgot-password\">\r\n\r\n\t<form name=\"forgot-password\" class=\"forgot-password event-auth-form\" action=\"\" method=\"post\">\r\n\r\n\t\t<p class=\"form-row event_auth_forgot_password_message message\">\r\n\t\t\tIntroduza o seu nome de utilizador ou endere\u00e7o de e-mail. Receber\u00e1 uma liga\u00e7\u00e3o para criar uma nova palavra-passe por correio eletr\u00f3nico.\t\t<\/p>\r\n\t\t<p class=\"form-row required\">\r\n\t\t\t<label for=\"user_login\" >Nome de utilizador ou e-mail:\t\t\t\t<input type=\"text\" name=\"user_login\" id=\"user_login\" class=\"input\" value=\"\" size=\"20\" \/><\/label>\r\n\t\t<\/p>\r\n\t\t\t<input type=\"hidden\" name=\"redirect_to\" value=\"https:\/\/aeag.pt\/portal\/wp-json\/wp\/v2\/pages\/24\" \/>\r\n\t\t<p class=\"form-row submit\">\r\n\t\t\t<input type=\"submit\" name=\"wp-submit\" id=\"wp-submit\" class=\"button button-primary button-large\" value=\"Obter nova palavra-passe\" \/>\r\n\t\t<\/p>\r\n\r\n\t<\/form>\r\n\r\n\t<div class=\"event_auth_lost_pass_footer\">\r\n\t\t<a href=\"https:\/\/aeag.pt\/portal\/account\/\">\r\n\t\t\tIniciar sess\u00e3o\t\t<\/a> | \r\n\t\t\r\n\t\t\t<a href=\"https:\/\/aeag.pt\/portal\/user-register\/\">\r\n\t\t\t\tCriar novo utilizador\t\t\t<\/a>\r\n\r\n\t\t\t<\/div>\r\n\r\n\t\r\n<\/div>\n","protected":false},"excerpt":{"rendered":"","protected":false},"author":1,"featured_media":0,"parent":0,"menu_order":0,"comment_status":"closed","ping_status":"closed","template":"","meta":{"footnotes":""},"class_list":["post-24","page","type-page","status-publish","hentry"],"_links":{"self":[{"href":"https:\/\/aeag.pt\/portal\/wp-json\/wp\/v2\/pages\/24","targetHints":{"allow":["GET"]}}],"collection":[{"href":"https:\/\/aeag.pt\/portal\/wp-json\/wp\/v2\/pages"}],"about":[{"href":"https:\/\/aeag.pt\/portal\/wp-json\/wp\/v2\/types\/page"}],"author":[{"embeddable":true,"href":"https:\/\/aeag.pt\/portal\/wp-json\/wp\/v2\/users\/1"}],"replies":[{"embeddable":true,"href":"https:\/\/aeag.pt\/portal\/wp-json\/wp\/v2\/comments?post=24"}],"version-history":[{"count":0,"href":"https:\/\/aeag.pt\/portal\/wp-json\/wp\/v2\/pages\/24\/revisions"}],"wp:attachment":[{"href":"https:\/\/aeag.pt\/portal\/wp-json\/wp\/v2\/media?parent=24"}],"curies":[{"name":"wp","href":"https:\/\/api.w.org\/{rel}","templated":true}]}}