{"id":12330,"date":"2023-05-25T14:26:11","date_gmt":"2023-05-25T13:26:11","guid":{"rendered":"https:\/\/site.aeag.pt\/portal\/?page_id=12330"},"modified":"2025-12-12T19:49:25","modified_gmt":"2025-12-12T18:49:25","slug":"apeeag","status":"publish","type":"page","link":"https:\/\/aeag.pt\/portal\/apeeag\/","title":{"rendered":"Associa\u00e7\u00e3o de Pais e Encarregados de Educa\u00e7\u00e3o"},"content":{"rendered":"\t\t<div data-elementor-type=\"wp-page\" data-elementor-id=\"12330\" class=\"elementor elementor-12330\">\n\t\t\t\t\t\t<section class=\"elementor-section elementor-top-section elementor-element elementor-element-7fe9a8d elementor-section-boxed elementor-section-height-default elementor-section-height-default\" data-id=\"7fe9a8d\" data-element_type=\"section\" data-e-type=\"section\">\n\t\t\t\t\t\t<div class=\"elementor-container elementor-column-gap-default\">\n\t\t\t\t\t<div class=\"elementor-column elementor-col-100 elementor-top-column elementor-element elementor-element-5ca21c2\" data-id=\"5ca21c2\" data-element_type=\"column\" data-e-type=\"column\">\n\t\t\t<div class=\"elementor-widget-wrap elementor-element-populated\">\n\t\t\t\t\t\t<div class=\"elementor-element elementor-element-c5692f7 elementor-widget elementor-widget-image\" data-id=\"c5692f7\" data-element_type=\"widget\" data-e-type=\"widget\" data-widget_type=\"image.default\">\n\t\t\t\t<div class=\"elementor-widget-container\">\n\t\t\t\t\t\t\t\t\t\t\t\t\t\t\t\t<a href=\"https:\/\/www.facebook.com\/asspaisenceduagrupescolasdrantoniogranjo\/\">\n\t\t\t\t\t\t\t<img fetchpriority=\"high\" decoding=\"async\" width=\"300\" height=\"200\" src=\"https:\/\/aeag.pt\/portal\/wp-content\/uploads\/2023\/08\/LOGO_APEEAEAG.png\" class=\"attachment-large size-large wp-image-14765\" alt=\"LOGO APEEAEAG\" \/>\t\t\t\t\t\t\t\t<\/a>\n\t\t\t\t\t\t\t\t\t\t\t\t\t\t\t<\/div>\n\t\t\t\t<\/div>\n\t\t\t\t<div class=\"elementor-element elementor-element-11b2849 elementor-widget elementor-widget-thim-ekits-header-info\" data-id=\"11b2849\" data-element_type=\"widget\" data-e-type=\"widget\" data-widget_type=\"thim-ekits-header-info.default\">\n\t\t\t\t<div class=\"elementor-widget-container\">\n\t\t\t\t\t\t\t<div class=\"header-info-swapper\">\n\t\t\t<ul class=\"thim-header-info\">\n\t\t\t\t\t\t\t\t\t\t<li>\n\t\t\t\t\t\t\t\t\t\t\t\t\t\t\t\n\t\t\t\t\t\t\t\tAPRESENTA\u00c7\u00c3O\n\t\t\t\t\t\t\t\t\t\t\t\t\t\t<\/li>\n\t\t\t\t\t\t\t\t\t<\/ul>\n\t\t<\/div>\n\t\t\t\t\t\t<\/div>\n\t\t\t\t<\/div>\n\t\t\t\t\t<\/div>\n\t\t<\/div>\n\t\t\t\t\t<\/div>\n\t\t<\/section>\n\t\t\t\t<section class=\"elementor-section elementor-top-section elementor-element elementor-element-7a487d4 elementor-section-boxed elementor-section-height-default elementor-section-height-default\" data-id=\"7a487d4\" data-element_type=\"section\" data-e-type=\"section\">\n\t\t\t\t\t\t<div class=\"elementor-container elementor-column-gap-default\">\n\t\t\t\t\t<div class=\"elementor-column elementor-col-100 elementor-top-column elementor-element elementor-element-6845911\" data-id=\"6845911\" data-element_type=\"column\" data-e-type=\"column\">\n\t\t\t<div class=\"elementor-widget-wrap elementor-element-populated\">\n\t\t\t\t\t\t<section class=\"elementor-section elementor-inner-section elementor-element elementor-element-f6b04ed elementor-section-boxed elementor-section-height-default elementor-section-height-default\" data-id=\"f6b04ed\" data-element_type=\"section\" data-e-type=\"section\">\n\t\t\t\t\t\t<div class=\"elementor-container elementor-column-gap-default\">\n\t\t\t\t\t<div class=\"elementor-column elementor-col-50 elementor-inner-column elementor-element elementor-element-701769f\" data-id=\"701769f\" data-element_type=\"column\" data-e-type=\"column\">\n\t\t\t<div class=\"elementor-widget-wrap elementor-element-populated\">\n\t\t\t\t\t\t<div class=\"elementor-element elementor-element-46766ac elementor-widget elementor-widget-text-editor\" data-id=\"46766ac\" data-element_type=\"widget\" data-e-type=\"widget\" data-widget_type=\"text-editor.default\">\n\t\t\t\t<div class=\"elementor-widget-container\">\n\t\t\t\t\t\t\t\t\t<p>\u00a0\u00a0 \u00a0 \u00a0A Associa\u00e7\u00e3o de Pais e Encarregados de Educa\u00e7\u00e3o do Agrupamento de Escolas Dr. Ant\u00f3nio Granjo (APEEAEAG) associa e representa os Pais e Encarregados de Educa\u00e7\u00e3o dos alunos que frequentam todas as escolas que integram o Agrupamento de Escolas Dr. Ant\u00f3nio Granjo.<\/p><p>\u00a0 \u00a0 \u00a0A Associa\u00e7\u00e3o de Pais est\u00e1 legalmente constitu\u00edda e faz-se representar em diversos \u00f3rg\u00e3os nomeadamente: Conselho Geral, Conselho Municipal de Educa\u00e7\u00e3o, CPCJ e reuni\u00f5es com as restantes Associa\u00e7\u00f5es de Pais do Concelho.<\/p><p>\u00a0 \u00a0 \u00a0A APEEAEAG \u00e9 uma institui\u00e7\u00e3o sem fins lucrativos, com dura\u00e7\u00e3o ilimitada, que se rege pelos seus estatutos e, pela lei geral e em particular pela lei das associa\u00e7\u00f5es cong\u00e9neres.<\/p><p>\u00a0 \u00a0 \u00a0A Associa\u00e7\u00e3o tem como finalidade contribuir, fundamentalmente, para uma participa\u00e7\u00e3o organizada e eficaz de todos os Pais\/Encarregados de Educa\u00e7\u00e3o no processo educativo, tanto no que se refere ao ambiente interno da escola, no processo de ensino\/aprendizagem, como \u00e0s condi\u00e7\u00f5es exteriores \u00e0 Escola, de modo a colaborar com todo o corpo docente, pessoal n\u00e3o docente e Dire\u00e7\u00e3o, para um desenvolvimento harmonioso, eficaz e agrad\u00e1vel dos educandos.<\/p><p>S\u00e3o fins da APEEAEAG:<\/p><ol><li>a) Promover a forma\u00e7\u00e3o dos Pais e Encarregados de Educa\u00e7\u00e3o, enquanto membros da comunidade educativa, habilitando-os ao cabal desempenho da sua miss\u00e3o de educadores e membros dos \u00f3rg\u00e3os de gest\u00e3o da escola;<\/li><li>b) Defender os interesses morais, culturais e f\u00edsicos dos educandos;<\/li><\/ol><p>c) Intervir no estudo e resolu\u00e7\u00e3o dos problemas respeitantes \u00e0 educa\u00e7\u00e3o e juventude que se coloquem ao n\u00edvel da escola;<\/p>\t\t\t\t\t\t\t\t<\/div>\n\t\t\t\t<\/div>\n\t\t\t\t\t<\/div>\n\t\t<\/div>\n\t\t\t\t<div class=\"elementor-column elementor-col-50 elementor-inner-column elementor-element elementor-element-0ba3e11\" data-id=\"0ba3e11\" data-element_type=\"column\" data-e-type=\"column\">\n\t\t\t<div class=\"elementor-widget-wrap elementor-element-populated\">\n\t\t\t\t\t\t<div class=\"elementor-element elementor-element-d38aa97 elementor-widget elementor-widget-text-editor\" data-id=\"d38aa97\" data-element_type=\"widget\" data-e-type=\"widget\" data-widget_type=\"text-editor.default\">\n\t\t\t\t<div class=\"elementor-widget-container\">\n\t\t\t\t\t\t\t\t\t<ol><li>d) Pugnar pela dignifica\u00e7\u00e3o do ensino em todas as suas vertentes;<\/li><li>e) Fomentar atividades de car\u00e1ter pedag\u00f3gico, formativo, cultural, cient\u00edfico, social e desportivo.<\/li><li>f) Intervir, como parceiro social, junto de autarquias, autoridades e outras institui\u00e7\u00f5es, de modo a possibilitar e facilitar o exerc\u00edcio dos direitos e o cumprimento dos deveres que cabem aos Pais e Encarregados de Educa\u00e7\u00e3o;<\/li><li>g) Fomentar a colabora\u00e7\u00e3o efetiva entre todos os intervenientes no processo educativo, com finalidades convergentes ou complementares, salvaguardando a independ\u00eancia em rela\u00e7\u00e3o a quaisquer organiza\u00e7\u00f5es nacionais, estrangeiras ou internacionais;<\/li><li>h) Exercer atividades que, n\u00e3o dizendo respeito a aspetos meramente educativos, se relacionem com estes e com a defesa e apoio da institui\u00e7\u00e3o familiar;<\/li><li>i) Promover, divulgar e defender a implementa\u00e7\u00e3o e o respeito pela Carta Europeia dos direitos e responsabilidades dos Pais e Encarregados de Educa\u00e7\u00e3o;<\/li><li>j) Criar condi\u00e7\u00f5es para a celebra\u00e7\u00e3o de parcerias de \u00e2mbito cultural, cient\u00edfico e profissional.<\/li><\/ol><p><strong>Compete \u00e0 APEEAEAG:<\/strong><\/p><ol><li>a) Pugnar pelos justos e leg\u00edtimos interesses das fam\u00edlias na sua posi\u00e7\u00e3o relativa \u00e0 escola e \u00e0 educa\u00e7\u00e3o e cultura;<\/li><li>b) Estabelecer o di\u00e1logo necess\u00e1rio para a rec\u00edproca compreens\u00e3o e colabora\u00e7\u00e3o entre todos os membros da escola;<\/li><li>c) Promover o estabelecimento de rela\u00e7\u00f5es com outras associa\u00e7\u00f5es similares ou suas estruturas representativas, visando a representa\u00e7\u00e3o dos seus interesses junto do Minist\u00e9rio da Educa\u00e7\u00e3o.<\/li><\/ol>\t\t\t\t\t\t\t\t<\/div>\n\t\t\t\t<\/div>\n\t\t\t\t\t<\/div>\n\t\t<\/div>\n\t\t\t\t\t<\/div>\n\t\t<\/section>\n\t\t\t\t\t<\/div>\n\t\t<\/div>\n\t\t\t\t\t<\/div>\n\t\t<\/section>\n\t\t\t\t<section class=\"elementor-section elementor-top-section elementor-element elementor-element-d9d9397 elementor-section-boxed elementor-section-height-default elementor-section-height-default\" data-id=\"d9d9397\" data-element_type=\"section\" data-e-type=\"section\">\n\t\t\t\t\t\t<div class=\"elementor-container elementor-column-gap-default\">\n\t\t\t\t\t<div class=\"elementor-column elementor-col-100 elementor-top-column elementor-element elementor-element-9bea628\" data-id=\"9bea628\" data-element_type=\"column\" data-e-type=\"column\">\n\t\t\t<div class=\"elementor-widget-wrap elementor-element-populated\">\n\t\t\t\t\t\t<div class=\"elementor-element elementor-element-9d8c929 elementor-widget elementor-widget-thim-ekits-header-info\" data-id=\"9d8c929\" data-element_type=\"widget\" data-e-type=\"widget\" data-widget_type=\"thim-ekits-header-info.default\">\n\t\t\t\t<div class=\"elementor-widget-container\">\n\t\t\t\t\t\t\t<div class=\"header-info-swapper\">\n\t\t\t<ul class=\"thim-header-info\">\n\t\t\t\t\t\t\t\t\t\t<li>\n\t\t\t\t\t\t\t\t\t\t\t\t\t\t\t\n\t\t\t\t\t\t\t\tMENSAGEM DO PRESIDENTE\n\t\t\t\t\t\t\t\t\t\t\t\t\t\t<\/li>\n\t\t\t\t\t\t\t\t\t<\/ul>\n\t\t<\/div>\n\t\t\t\t\t\t<\/div>\n\t\t\t\t<\/div>\n\t\t\t\t<div class=\"elementor-element elementor-element-674478e elementor-widget elementor-widget-text-editor\" data-id=\"674478e\" data-element_type=\"widget\" data-e-type=\"widget\" data-widget_type=\"text-editor.default\">\n\t\t\t\t<div class=\"elementor-widget-container\">\n\t\t\t\t\t\t\t\t\t<p>Caros Pais e Encarregados de Educa\u00e7\u00e3o,<\/p><p>\u00a0 \u00a0 \u00a0Enquanto Presidente desta associa\u00e7\u00e3o tenho a profunda convic\u00e7\u00e3o de que a educa\u00e7\u00e3o para a cidadania, compet\u00eancia, responsabilidade, e civismo, s\u00f3 se concretizar\u00e1 com fam\u00edlias empenhadas e conscientes da relev\u00e2ncia do seu contributo, numa escola que funcione como uma comunidade educativa.<br \/>\u00a0\u00a0\u00a0\u00a0\u00a0\u00a0\u00a0\u00a0\u00a0 O envolvimento dos pais na escola deve ser encarado como uma forma de investir na qualidade da educa\u00e7\u00e3o, no sucesso educativo, na plena integra\u00e7\u00e3o de todos os alunos, numa sociedade mais estruturada e solid\u00e1ria.<\/p><p>\u00a0 \u00a0 \u00a0N\u00e3o devemos nunca esquecer que os professores, enquanto motores essenciais de todo o processo educativo, merecem o maior cuidado dos pais e a adequada valoriza\u00e7\u00e3o das suas fun\u00e7\u00f5es.<\/p><p>O Presidente da Associa\u00e7\u00e3o<br \/>Francisco Amaro<\/p>\t\t\t\t\t\t\t\t<\/div>\n\t\t\t\t<\/div>\n\t\t\t\t\t<\/div>\n\t\t<\/div>\n\t\t\t\t\t<\/div>\n\t\t<\/section>\n\t\t\t\t<section class=\"elementor-section elementor-top-section elementor-element elementor-element-98487fc elementor-section-boxed elementor-section-height-default elementor-section-height-default\" data-id=\"98487fc\" data-element_type=\"section\" data-e-type=\"section\">\n\t\t\t\t\t\t<div class=\"elementor-container elementor-column-gap-default\">\n\t\t\t\t\t<div class=\"elementor-column elementor-col-50 elementor-top-column elementor-element elementor-element-5abe902\" data-id=\"5abe902\" data-element_type=\"column\" data-e-type=\"column\">\n\t\t\t<div class=\"elementor-widget-wrap elementor-element-populated\">\n\t\t\t\t\t\t<div class=\"elementor-element elementor-element-1141b7a elementor-widget elementor-widget-thim-ekits-header-info\" data-id=\"1141b7a\" data-element_type=\"widget\" data-e-type=\"widget\" data-widget_type=\"thim-ekits-header-info.default\">\n\t\t\t\t<div class=\"elementor-widget-container\">\n\t\t\t\t\t\t\t<div class=\"header-info-swapper\">\n\t\t\t<ul class=\"thim-header-info\">\n\t\t\t\t\t\t\t\t\t\t<li>\n\t\t\t\t\t\t\t\t\t\t\t\t\t\t\t\n\t\t\t\t\t\t\t\tCOMPOSI\u00c7\u00c3O\n\t\t\t\t\t\t\t\t\t\t\t\t\t\t<\/li>\n\t\t\t\t\t\t\t\t\t<\/ul>\n\t\t<\/div>\n\t\t\t\t\t\t<\/div>\n\t\t\t\t<\/div>\n\t\t\t\t<div class=\"elementor-element elementor-element-53cbf88 elementor-widget elementor-widget-thim-ekits-header-info\" data-id=\"53cbf88\" data-element_type=\"widget\" data-e-type=\"widget\" data-widget_type=\"thim-ekits-header-info.default\">\n\t\t\t\t<div class=\"elementor-widget-container\">\n\t\t\t\t\t\t\t<div class=\"header-info-swapper\">\n\t\t\t<ul class=\"thim-header-info\">\n\t\t\t\t\t\t\t\t\t\t<li>\n\t\t\t\t\t\t\t\t\t\t\t\t\t\t\t\n\t\t\t\t\t\t\t\tDire\u00e7\u00e3o:\n\t\t\t\t\t\t\t\t\t\t\t\t\t\t<\/li>\n\t\t\t\t\t\t\t\t\t<\/ul>\n\t\t<\/div>\n\t\t\t\t\t\t<\/div>\n\t\t\t\t<\/div>\n\t\t\t\t<div class=\"elementor-element elementor-element-b7f2d5f elementor-widget elementor-widget-text-editor\" data-id=\"b7f2d5f\" data-element_type=\"widget\" data-e-type=\"widget\" data-widget_type=\"text-editor.default\">\n\t\t\t\t<div class=\"elementor-widget-container\">\n\t\t\t\t\t\t\t\t\t<p><strong>Presidente<\/strong>\u00a0\u2013 Francisco Amaro<\/p><p><strong>Vice-Presidente<\/strong>\u00a0\u2013 Rodrigo Raposo<\/p><p><strong>Secret\u00e1rio<\/strong>\u00a0\u2013 Ana Mairos<\/p><p><strong>Tesoureiro<\/strong>\u00a0\u2013 T\u00e2nia Andreia Silva A. Raposo<\/p><p><strong>Vogal<\/strong>\u00a0\u2013 Sara Marina Anjos<\/p><p><strong>Vogal<\/strong>\u00a0\u2013 Jo\u00e3o Silva<\/p>\t\t\t\t\t\t\t\t<\/div>\n\t\t\t\t<\/div>\n\t\t\t\t<div class=\"elementor-element elementor-element-5ae90ff elementor-widget elementor-widget-thim-ekits-header-info\" data-id=\"5ae90ff\" data-element_type=\"widget\" data-e-type=\"widget\" data-widget_type=\"thim-ekits-header-info.default\">\n\t\t\t\t<div class=\"elementor-widget-container\">\n\t\t\t\t\t\t\t<div class=\"header-info-swapper\">\n\t\t\t<ul class=\"thim-header-info\">\n\t\t\t\t\t\t\t\t\t\t<li>\n\t\t\t\t\t\t\t\t\t\t\t\t\t\t\t\n\t\t\t\t\t\t\t\tAssembleia Geral:\n\t\t\t\t\t\t\t\t\t\t\t\t\t\t<\/li>\n\t\t\t\t\t\t\t\t\t<\/ul>\n\t\t<\/div>\n\t\t\t\t\t\t<\/div>\n\t\t\t\t<\/div>\n\t\t\t\t<div class=\"elementor-element elementor-element-8f8fc2c elementor-widget elementor-widget-text-editor\" data-id=\"8f8fc2c\" data-element_type=\"widget\" data-e-type=\"widget\" data-widget_type=\"text-editor.default\">\n\t\t\t\t<div class=\"elementor-widget-container\">\n\t\t\t\t\t\t\t\t\t<p><strong>Presidente<\/strong>\u00a0\u2013 Ant\u00f3nio Rodrigues<\/p><p><strong>1\u00ba Secret\u00e1rio<\/strong>\u00a0\u2013 Odete Teixeira<\/p><p><strong>2\u00ba Secret\u00e1rio<\/strong>\u00a0\u2013 Sara Raquel Pires<\/p>\t\t\t\t\t\t\t\t<\/div>\n\t\t\t\t<\/div>\n\t\t\t\t<div class=\"elementor-element elementor-element-cc95e43 elementor-widget elementor-widget-thim-ekits-header-info\" data-id=\"cc95e43\" data-element_type=\"widget\" data-e-type=\"widget\" data-widget_type=\"thim-ekits-header-info.default\">\n\t\t\t\t<div class=\"elementor-widget-container\">\n\t\t\t\t\t\t\t<div class=\"header-info-swapper\">\n\t\t\t<ul class=\"thim-header-info\">\n\t\t\t\t\t\t\t\t\t\t<li>\n\t\t\t\t\t\t\t\t\t\t\t\t\t\t\t\n\t\t\t\t\t\t\t\tConselho Fiscal:\n\t\t\t\t\t\t\t\t\t\t\t\t\t\t<\/li>\n\t\t\t\t\t\t\t\t\t<\/ul>\n\t\t<\/div>\n\t\t\t\t\t\t<\/div>\n\t\t\t\t<\/div>\n\t\t\t\t<div class=\"elementor-element elementor-element-5950443 elementor-widget elementor-widget-text-editor\" data-id=\"5950443\" data-element_type=\"widget\" data-e-type=\"widget\" data-widget_type=\"text-editor.default\">\n\t\t\t\t<div class=\"elementor-widget-container\">\n\t\t\t\t\t\t\t\t\t<p><strong>Presidente<\/strong>\u00a0\u2013 Melanie Maieiro<\/p><p><strong>Vogal<\/strong>\u00a0\u2013 Daniela Felizardo<\/p><p><strong>Vogal<\/strong>\u00a0\u2013 V\u00edtor Batista Melo<\/p>\t\t\t\t\t\t\t\t<\/div>\n\t\t\t\t<\/div>\n\t\t\t\t<div class=\"elementor-element elementor-element-5e05770 elementor-widget elementor-widget-thim-ekits-header-info\" data-id=\"5e05770\" data-element_type=\"widget\" data-e-type=\"widget\" data-widget_type=\"thim-ekits-header-info.default\">\n\t\t\t\t<div class=\"elementor-widget-container\">\n\t\t\t\t\t\t\t<div class=\"header-info-swapper\">\n\t\t\t<ul class=\"thim-header-info\">\n\t\t\t\t\t\t\t\t\t\t<li>\n\t\t\t\t\t\t\t\t\t\t\t\t\t\t\t\n\t\t\t\t\t\t\t\tConselho Geral de Instala\u00e7\u00f5es:\n\t\t\t\t\t\t\t\t\t\t\t\t\t\t<\/li>\n\t\t\t\t\t\t\t\t\t<\/ul>\n\t\t<\/div>\n\t\t\t\t\t\t<\/div>\n\t\t\t\t<\/div>\n\t\t\t\t<div class=\"elementor-element elementor-element-5012b2c elementor-widget elementor-widget-text-editor\" data-id=\"5012b2c\" data-element_type=\"widget\" data-e-type=\"widget\" data-widget_type=\"text-editor.default\">\n\t\t\t\t<div class=\"elementor-widget-container\">\n\t\t\t\t\t\t\t\t\t<p><strong>Presidente<\/strong>\u00a0\u2013 Tiago Lage<\/p><p><strong>Vogal<\/strong>\u00a0\u2013 Liliana Alves<\/p><p><strong>Vogal<\/strong>\u00a0\u2013 Marisa Alves<\/p><p><strong>Vogal<\/strong>\u00a0\u2013 Isabel Ad\u00e3o Silva<\/p><p><strong>Vogal<\/strong>\u00a0\u2013 Tiago Nogueira<\/p>\t\t\t\t\t\t\t\t<\/div>\n\t\t\t\t<\/div>\n\t\t\t\t\t<\/div>\n\t\t<\/div>\n\t\t\t\t<div class=\"elementor-column elementor-col-50 elementor-top-column elementor-element elementor-element-a4531e6\" data-id=\"a4531e6\" data-element_type=\"column\" data-e-type=\"column\">\n\t\t\t<div class=\"elementor-widget-wrap elementor-element-populated\">\n\t\t\t\t\t\t<div class=\"elementor-element elementor-element-75158f1 elementor-widget elementor-widget-thim-ekits-header-info\" data-id=\"75158f1\" data-element_type=\"widget\" data-e-type=\"widget\" data-widget_type=\"thim-ekits-header-info.default\">\n\t\t\t\t<div class=\"elementor-widget-container\">\n\t\t\t\t\t\t\t<div class=\"header-info-swapper\">\n\t\t\t<ul class=\"thim-header-info\">\n\t\t\t\t\t\t\t\t\t\t<li>\n\t\t\t\t\t\t\t\t\t\t\t\t\t\t\t\n\t\t\t\t\t\t\t\tCONTACTOS\n\t\t\t\t\t\t\t\t\t\t\t\t\t\t<\/li>\n\t\t\t\t\t\t\t\t\t<\/ul>\n\t\t<\/div>\n\t\t\t\t\t\t<\/div>\n\t\t\t\t<\/div>\n\t\t\t\t<div class=\"elementor-element elementor-element-de09e41 elementor-widget elementor-widget-text-editor\" data-id=\"de09e41\" data-element_type=\"widget\" data-e-type=\"widget\" data-widget_type=\"text-editor.default\">\n\t\t\t\t<div class=\"elementor-widget-container\">\n\t\t\t\t\t\t\t\t\t<p>Escola Secund\u00e1ria Dr. Ant\u00f3nio Granjo<\/p><p>Rua Fern\u00e3o Lopes, Apartado 192, 5401-909 Chaves<\/p><p><strong>Telm:<\/strong>\u00a0<a href=\"tel:+351917566540\">+351 917 566 540<\/a>\u00a0(Presidente)<\/p><p><strong>e-mail:<\/strong>\u00a0<a href=\"mailto:apaisgranjo@gmail.com\">apaisgranjo@gmail.com<\/a><\/p><p>A Dire\u00e7\u00e3o da Associa\u00e7\u00e3o re\u00fane mensalmente, todas as segundas sextas-feiras de cada m\u00eas, pelas 21:00 horas na sua sede, sita no 1\u00ba andar das instala\u00e7\u00f5es da antiga Junta de Freguesia de Santa Maria Maior (junto \u00e0 PSP).<\/p>\t\t\t\t\t\t\t\t<\/div>\n\t\t\t\t<\/div>\n\t\t\t\t<div class=\"elementor-element elementor-element-33213d0 elementor-widget elementor-widget-thim-ekits-header-info\" data-id=\"33213d0\" data-element_type=\"widget\" data-e-type=\"widget\" data-widget_type=\"thim-ekits-header-info.default\">\n\t\t\t\t<div class=\"elementor-widget-container\">\n\t\t\t\t\t\t\t<div class=\"header-info-swapper\">\n\t\t\t<ul class=\"thim-header-info\">\n\t\t\t\t\t\t\t\t\t\t<li>\n\t\t\t\t\t\t\t\t\t\t\t\t\t\t<a href=\"https:\/\/aeag.pt\/portal\/documentos\/Ficha_de_Associado.pdf\" target=\"_blank\" rel=\"nofollow\">\n\t\t\t\t\t\t\t\t\t\t\t\t\t\t\t\t\t\t\t\t\t\t\t\t\t<span>\n\t\t\t\t\t\t\t\t\t<i aria-hidden=\"true\" class=\"tk tk-print\"><\/i>\t\t\t\t\t\t\t\t<\/span>\n\t\t\t\t\t\t\t\t\n\t\t\t\t\t\t\t\tFicha de Inscri\u00e7\u00e3o\n\t\t\t\t\t\t\t\t\t\t\t\t\t\t\t<\/a>\n\t\t\t\t\t\t\t\t\t\t\t\t<\/li>\n\t\t\t\t\t\t\t\t\t<\/ul>\n\t\t<\/div>\n\t\t\t\t\t\t<\/div>\n\t\t\t\t<\/div>\n\t\t\t\t<div class=\"elementor-element elementor-element-3d87aad elementor-widget elementor-widget-thim-ekits-header-info\" data-id=\"3d87aad\" data-element_type=\"widget\" data-e-type=\"widget\" data-widget_type=\"thim-ekits-header-info.default\">\n\t\t\t\t<div class=\"elementor-widget-container\">\n\t\t\t\t\t\t\t<div class=\"header-info-swapper\">\n\t\t\t<ul class=\"thim-header-info\">\n\t\t\t\t\t\t\t\t\t\t<li>\n\t\t\t\t\t\t\t\t\t\t\t\t\t\t<a href=\"https:\/\/aeag.pt\/portal\/documentos\/Lista_Pais_e_EE_Conselho_Geral-2025-2027.pdf\" target=\"_blank\" rel=\"nofollow\">\n\t\t\t\t\t\t\t\t\t\t\t\t\t\t\t\t\t\t\t\t\t\t\t\t\t<span>\n\t\t\t\t\t\t\t\t\t<i aria-hidden=\"true\" class=\"tk tk-print\"><\/i>\t\t\t\t\t\t\t\t<\/span>\n\t\t\t\t\t\t\t\t\n\t\t\t\t\t\t\t\tLista dos Elementos Representantes dos Pais e Encarregados de Educa\u00e7\u00e3o no Conselho Geral, 2025\/2027\n\t\t\t\t\t\t\t\t\t\t\t\t\t\t\t<\/a>\n\t\t\t\t\t\t\t\t\t\t\t\t<\/li>\n\t\t\t\t\t\t\t\t\t<\/ul>\n\t\t<\/div>\n\t\t\t\t\t\t<\/div>\n\t\t\t\t<\/div>\n\t\t\t\t\t<\/div>\n\t\t<\/div>\n\t\t\t\t\t<\/div>\n\t\t<\/section>\n\t\t\t\t<\/div>\n\t\t","protected":false},"excerpt":{"rendered":"<p>APRESENTA\u00c7\u00c3O \u00a0\u00a0 \u00a0 \u00a0A Associa\u00e7\u00e3o de Pais e Encarregados de Educa\u00e7\u00e3o do Agrupamento de Escolas Dr. Ant\u00f3nio Granjo (APEEAEAG) associa e representa os Pais e Encarregados de Educa\u00e7\u00e3o dos alunos que frequentam todas as escolas que integram o Agrupamento de Escolas Dr. Ant\u00f3nio Granjo. \u00a0 \u00a0 \u00a0A Associa\u00e7\u00e3o de Pais &hellip; <\/p>\n","protected":false},"author":1,"featured_media":0,"parent":0,"menu_order":0,"comment_status":"closed","ping_status":"closed","template":"","meta":{"footnotes":""},"class_list":["post-12330","page","type-page","status-publish","hentry"],"_links":{"self":[{"href":"https:\/\/aeag.pt\/portal\/wp-json\/wp\/v2\/pages\/12330","targetHints":{"allow":["GET"]}}],"collection":[{"href":"https:\/\/aeag.pt\/portal\/wp-json\/wp\/v2\/pages"}],"about":[{"href":"https:\/\/aeag.pt\/portal\/wp-json\/wp\/v2\/types\/page"}],"author":[{"embeddable":true,"href":"https:\/\/aeag.pt\/portal\/wp-json\/wp\/v2\/users\/1"}],"replies":[{"embeddable":true,"href":"https:\/\/aeag.pt\/portal\/wp-json\/wp\/v2\/comments?post=12330"}],"version-history":[{"count":30,"href":"https:\/\/aeag.pt\/portal\/wp-json\/wp\/v2\/pages\/12330\/revisions"}],"predecessor-version":[{"id":30402,"href":"https:\/\/aeag.pt\/portal\/wp-json\/wp\/v2\/pages\/12330\/revisions\/30402"}],"wp:attachment":[{"href":"https:\/\/aeag.pt\/portal\/wp-json\/wp\/v2\/media?parent=12330"}],"curies":[{"name":"wp","href":"https:\/\/api.w.org\/{rel}","templated":true}]}}